
Let d(z) = -z - 6. Let a be d(-8). Suppose -66 + 12 = -a*h. What is the highest common factor of h and 18?
9
Let s(f) = f**2 - 21*f - 34. Let l be s(26). What is the greatest common factor of 120 and l?
24
Let n(c) = -c**2 - 9*c + 10. Let k be n(-7). Calculate the highest common divisor of 84 and k.
12
Let t be (-4)/7*14/(-4). Suppose t*y - 6*y + 16 = 0. Suppose 93 = 3*k + o, -4*o + 42 = 2*k - 10. Calculate the highest common factor of y and k.
4
Suppose -5*r + 67 = 2*k, -2*r + 0 + 10 = 0. What is the highest common divisor of k and 24?
3
Let p be 2/14 + (-836)/(-77). What is the greatest common divisor of 385 and p?
11
Let r be 450/120*(-100)/(-3). Calculate the highest common factor of r and 425.
25
Suppose -11*n - 36 = -487. Let u(p) = -p**3 + p**2 + p - 4. Let m be u(-3). Let y = n - m. Calculate the greatest common factor of 60 and y.
12
Suppose 6*f = -49*f + 1980. Calculate the greatest common divisor of f and 1152.
36
Let k = 10 + -8. Suppose 0*q + k*l = 2*q - 70, -5*q = 2*l - 154. Calculate the highest common factor of q and 4.
4
Let x(f) = 7*f + 4*f + 0*f**3 - 7*f**2 + 1 + f**3 - 9*f. Let d be x(7). Calculate the highest common factor of 10 and d.
5
Suppose -17*u + 2112 = 27*u. What is the greatest common divisor of u and 112?
16
Let r = -568 - -582. Let t be (-2)/(-4) + (-39)/(-6). What is the greatest common divisor of t and r?
7
Suppose y - 361 = -4*x, -2*x - 4*y - 285 = -5*x. Calculate the highest common factor of x and 21.
7
Suppose 0 = -r - 1 + 5. Let m be (-26)/(4*r/(-8)). Suppose m*i - 17*i = -60. Calculate the highest common factor of i and 5.
5
Suppose 2*k + 3*q = 13, 9*k + 2*q - 6 = 8*k. Calculate the greatest common factor of 8 and k.
8
Suppose 20 = -x + 5*x. Let f be 39*(-4 + (x - -2)). What is the highest common divisor of f and 13?
13
Let p = 72 - -54. Suppose -t + 6145 = 6117. Calculate the highest common factor of t and p.
14
Suppose -8*q - 3780 = -29*q. What is the greatest common factor of q and 80?
20
Suppose -2*a = -4*d - 18, -4*d - 2 = -a + 13. Suppose -4*u + 3*x - 92 = 0, u = -5*x + 2*x - 38. Let i = u + 53. What is the highest common divisor of a and i?
3
Suppose 3*g + 2*g = 95. Let z be 15/(-12) + 12*(-1236)/(-192). Calculate the highest common factor of g and z.
19
Let z(i) = i**2 - i + 42. Let b be z(0). Let o(t) = t**2 + 4*t - 18. Let k be o(-8). Calculate the highest common divisor of b and k.
14
Let s = 74 + -2. Suppose 3*c - 3*a = 81, 7*c - 3*c + 4*a - 148 = 0. Let b = 50 - c. What is the highest common factor of s and b?
18
Let z be (2388/8)/3 + (-47)/(-94). What is the greatest common divisor of 4 and z?
4
Suppose -4*t = -1339 + 407. Suppose -3*s = -t - 103. Let h = 2 + 12. What is the greatest common factor of s and h?
14
Let i(m) = -m + 10. Let k be i(0). Let z be (-4)/6*4/(-8)*6. Suppose z*v - k = -6. What is the highest common divisor of v and 14?
2
Let g = 17 - -38. Let o = g + -45. Calculate the highest common divisor of o and 40.
10
Let u be 3/30 + (-2247)/(-30). Let a = 12 - 10. Suppose 17 = a*m - 43. Calculate the greatest common factor of u and m.
15
Suppose 65*y = 36*y + 24157. What is the highest common factor of y and 34?
17
Suppose 3*l - 207 = -4*o, 12*l - 28 = -o + 16*l. Calculate the highest common divisor of o and 12.
12
Suppose 37*c = 24*c + 5187. Calculate the highest common factor of c and 228.
57
Suppose 3*q - 2*q - 4*d - 25 = 0, 0 = -2*q - d + 14. Let v be 12/q*75/2. Calculate the greatest common factor of 25 and v.
25
Let q = -27 + 52. Suppose -2*v + h = 1, 3*h = -2*h + q. Let y be (-56)/(-6) - v/6. Calculate the greatest common divisor of 1 and y.
1
Let u = 37 - -113. Suppose 3*d + u = -0*d. Let x = 80 + d. Calculate the highest common factor of 20 and x.
10
Suppose 4*x = -0*g - 3*g - 12, -9 = -3*g + 3*x. Suppose g = -2*q - 16 + 88. What is the highest common divisor of 90 and q?
18
Let c be (-1)/3 + (6 - 256/24). Let l(h) = -4 - 1 - 4 - 13*h. Let n be l(c). Calculate the greatest common factor of 84 and n.
28
Let c = 135 - 114. What is the greatest common factor of c and 518?
7
Suppose 0 = -s + 8 - 5. Suppose -r = y - 18, 0 = 3*r - s*y - y - 33. Suppose i + 13 = r. What is the greatest common divisor of i and 8?
2
Suppose 2*d - 3 + 1 = -2*u, d = 4*u - 4. Let f be 2/4 - 73/2. Let y be u/4 - 135/f. What is the highest common factor of 28 and y?
4
Let q be 4 - ((-256)/48)/((-2)/(-63)). Calculate the greatest common divisor of q and 4.
4
Let w(f) = 5*f - 4*f**3 + 46*f**3 - 10*f + 3*f + 1. Let q be w(1). Let b = q + -4. What is the highest common divisor of b and 37?
37
Let s(l) = -3*l**2 + l. Let o be s(4). Let t be o/(-8)*2 + -1. Suppose t*j = 6*j + 260. What is the highest common factor of 13 and j?
13
Suppose -24 - 12 = -4*d. Suppose -5*t = -381 - d. What is the highest common factor of t and 39?
39
Let q(f) = 4*f**2 - 5*f + 201. Let o be q(-19). What is the greatest common factor of 60 and o?
60
Suppose 5*t = 3*t - 10, 4*f + 2*t = 26. Suppose -2*d + 58 = 4*u, -3*u - 5*d = -49 + f. What is the greatest common divisor of 120 and u?
15
Suppose 0 = -15*w - 13*w + 952. Calculate the highest common divisor of w and 442.
34
Let d be ((-6)/8)/(2/8). Let p(b) = -b**2 - 5. Let w be p(4). Let n be 2/(d + (-66)/w). Calculate the greatest common divisor of n and 35.
7
Let p(f) = -f**2 + 11*f - 4. Let u be p(5). Suppose -3*g + 8 = -4*k, 6*k = g + 2*k. Suppose -g*x = -7*x + 39. Calculate the greatest common divisor of u and x.
13
Suppose -24*d = -491 + 83. What is the highest common divisor of 272 and d?
17
Suppose 22*m - 7056 = 4*m. What is the greatest common divisor of m and 28?
28
Let t be 3 - 87/(-3) - -4. Let m be (-1)/(-3) + 384/t. What is the highest common factor of 11 and m?
11
Let n(o) = 2*o**2 - 2*o - 9. Let w be n(5). Let q = 46 - w. Calculate the greatest common divisor of q and 105.
15
Suppose 0 = y + 2*j - 47, 3*j - 65 = -5*y + 198. Calculate the greatest common divisor of 385 and y.
55
Let q(z) = -z**2 + 32*z + 129. Let t be q(35). Let s(x) = 2*x**2 - 11*x + 6. Let v be s(10). What is the greatest common divisor of v and t?
24
Suppose 0 = 9*r - 5*r - 4*z - 480, 3*r - 360 = -5*z. What is the greatest common divisor of r and 280?
40
Let z be (17 - 15) + 282/(6 + -3). Calculate the highest common factor of z and 3.
3
Let z = -961 - -1052. What is the greatest common factor of z and 910?
91
Let c = 67 + 180. Calculate the highest common factor of 13 and c.
13
Let y(d) = 2*d**3 - 6*d**2 + 11*d + 1. Let g be y(2). Calculate the greatest common divisor of g and 415.
5
Let w(l) = 27*l**3 + 3*l**2 - 3*l - 1. Let x be w(2). What is the highest common factor of x and 17?
17
Let h be 2/(-4)*(-2 + 8). Let l = h - -14. What is the highest common divisor of 77 and l?
11
Let f = -75 - -80. Suppose -f*i - 4*x = -658, i - 3*x + 266 = 3*i. Calculate the greatest common factor of i and 10.
10
Let o(l) = -l + 13. Let j be o(-2). Let c be 15/j + (1 - -8*2). Let v(m) = -6*m - 3. Let w be v(-2). Calculate the greatest common divisor of c and w.
9
Let l = -55 + 59. Suppose -5*u = -n + 43, -l*u = 4*n - 2*u - 194. Calculate the greatest common divisor of 36 and n.
12
Suppose 0 = 5*m - 19 - 141. Let n = -224 - -232. What is the greatest common factor of n and m?
8
Let s(o) = 3*o**2 - 41*o. Let a = 87 - 73. Let x be s(a). Calculate the greatest common factor of x and 224.
14
Suppose 0 = 4*u - 4*h, -u - 5*h + 18 = 3*u. Let x be (-53)/(-5) + (-6)/(-15). Suppose u*s - 37 = -x. Calculate the greatest common factor of s and 91.
13
Let y = 243 - 472. Let p = y + 394. Calculate the greatest common factor of p and 15.
15
Suppose -u - 5*o - 11 = 2, -o - 4 = 0. Suppose u + 24 = j. What is the highest common factor of j and 31?
31
Let x(h) = 34*h**2 - 3*h - 7. Let d be x(-2). Suppose -10*j + j = -d. What is the greatest common divisor of 10 and j?
5
Let g = -132 - -198. Calculate the greatest common divisor of g and 726.
66
Let l = 32 + 13. Let a be 1/(91/78*1/35). What is the greatest common factor of a and l?
15
Suppose 117*v - 2952 = 109*v. What is the greatest common divisor of v and 41?
41
Let y(i) = i**2 - 10*i - 6. Let l be y(16). Calculate the greatest common divisor of l and 2385.
45
Suppose -2 = 2*k - 10. Let m = -108 + 68. Let z = 48 + m. Calculate the greatest common factor of z and k.
4
Let d(n) 